. Suppose 4*y = -c + d*c - 53, 5*y = 2*c - 91. Let k = -31 + c. What is the units digit of k?
2
Suppose q - 3*i - 218 - 109 = 0, -299 = -q - 4*i. What is the tens digit of q?
1
Let y = -21 + 23. Let m(l) = l**2 - 6*l + 1. Let v be m(6). Suppose v = -y*t + 27. What is the tens digit of t?
1
Let p(f) = f. Suppose -c + 3 = 2. Let m(i) = 2*i + 16. Let z(h) = c*m(h) - 5*p(h). What is the tens digit of z(-16)?
6
Let u be ((-9)/3)/(-3)*4. Let y be -3 + (12 - u - 3). Suppose -w - 16 = 2*p - 3*p, 4*p = -y*w + 34. What is the units digit of p?
1
Suppose -121*a - 1159 = -122*a. What is the hundreds digit of a?
1
Let q be (-30)/195 - (-210)/13. Suppose -5*t + 3*r = -5 - 11, 4*r + q = 4*t. Suppose t*x + 8 = 62. What is the units digit of x?
7
Let i = 1596 - 1089. What is the hundreds digit of i?
5
Let j be 3 - -8 - (-2 - 2). Suppose 47*c + j = 44*c. What is the units digit of 2 + c - (-26 + -8)?
1
Suppose 0 = 11*q + 10*q - 9135. What is the units digit of q?
5
Let s = 84 - -48. Let b = 207 - s. What is the tens digit of b?
7
Let s = 7 - 2. Suppose -s*z - 7 = 13. What is the units digit of -1 + (1 + z - -26)?
2
Suppose -13*x = -11*x - 42. What is the hundreds digit of 2283/x + (-8)/(-28)?
1
Let v(j) = -2*j**2 + 3*j**3 + 2*j + 6 - 2 - 1. Let k(i) = -i**3 - 7*i**2 - 14*i - 5. Let x be k(-4). What is the units digit of v(x)?
2
Let x = -98 + 152. Suppose 4*q = -3*l + 285, -q = 5*l - 10*l - x. What is the units digit of q?
9
Suppose 6*f - 301 = -1483. Let c = f - -408. What is the hundreds digit of c?
2
Let u be (4/6 - 1)/((-7)/8358). What is the units digit of (u/(-4))/(4/(-8))?
9
Let a = 448 - 79. Suppose z - 1032 + a = -4*j, 5*j = -3*z + 827. What is the hundreds digit of j?
1
Let v(o) = 78*o**3 + o**2 + 5*o - 6. Let h be v(1). Let a = h - -147. What is the hundreds digit of a?
2
Let q(n) = -n**3 + 13*n**2 - 6*n + 10. Let p be q(11). Suppose 5*a = 5*v + 185, 4*a + a - 4*v - p = 0. Let s = -22 + a. What is the tens digit of s?
1
Let o(u) = 9*u**2 - 10*u - 10. Let h be o(-6). Suppose -h = -5*i - 4*f, 3*f + 6 = -6. Let x = -49 + i. What is the units digit of x?
9
Suppose 0 = -5*c + 48 + 1277. Suppose -a + 74 + c = 2*j, -4*j + 681 = 3*a. What is the units digit of j?
8
Let z(n) = -2*n**3 - 4*n**2 - n - 4. Suppose 16*m = 12*m - 16. Let l be z(m). Suppose 3*g = 5*q - 178, 0*q - 3*g = -2*q + l. What is the tens digit of q?
3
Suppose 372*s - 363*s = 54486. What is the thousands digit of s?
6
Let p(y) be the first derivative of -1/2*y**2 - 3 + 4/3*y**3 + y. What is the units digit of p(2)?
5
Suppose 5*o - d = -93 + 1437, o - 288 = 5*d. What is the tens digit of o?
6
Let i = -19 + 19. Suppose 5*l - 260 = -i*l. Let j = l + -17. What is the tens digit of j?
3
Let f be 3/6*(195 - 1). Suppose 0*q - 3*q - f = -m, -3*q = -3*m + 315. Suppose 47 = 4*d - m. What is the units digit of d?
9
Let a(n) be the third derivative of -11*n**5/60 - n**4/6 + 5*n**3/6 - 4*n**2. Let c be a(2). Let t = -8 - c. What is the units digit of t?
9
Suppose -2*z + 10 = -6. Suppose -2*x + 34 = 3*x + 4*w, 0 = -x - 2*w + z. What is the units digit of x?
6
Let t(y) = y**2 - 7*y - 6. Let r be t(8). Suppose -r*u + 161 = 2*l + 3*l, 5*u = 2*l - 76. What is the units digit of l?
3
Let l(h) = -h**2 - h - 88. Let p be l(0). Let b = 143 + p. Suppose -4*v - b = -t, 90 = 5*t - 3*t - 3*v. What is the units digit of t?
9
Let u = 18 + -29. Let h be 8/6 - u/3. Suppose 5*x - h*m = 50, -x - 8*m = -4*m - 15. What is the tens digit of x?
1
What is the hundreds digit of -1708*(0/15 + (0 - 2))?
4
Suppose -979 = 7*h + 1. Let c = -50 - h. What is the units digit of c?
0
Suppose 3*n + 2*w - 1389 = 0, 926 = -0*n + 2*n - 3*w. Suppose 5*b + n = 3*f, -4*f + 659 = -5*b + 40. What is the hundreds digit of f?
1
Suppose 3*u - 34 = -25. What is the units digit of (72 - u)*1 + 6/3?
1
Suppose -5*v + 4*s + 24 = 0, 3*v - 2*s = 22 - 8. Suppose 5*h + 73 = 3*q, -2*h + 7*h + 99 = v*q. What is the units digit of q?
6
Let y = 113 + -67. Suppose y = 4*w - 2*u, u - 28 = -3*w - 4*u. What is the tens digit of w?
1
Let p(r) = -8*r - 1. Let j(m) = -6*m**2. Let u be j(1). Let i be 1/((9/u)/3). What is the tens digit of p(i)?
1
Let d(n) = 2435*n + 232. What is the units digit of d(2)?
2
Let l = 48 - 37. Suppose 5*b = 9 + l. What is the units digit of b?
4
Let n = 589 + -443. What is the hundreds digit of n?
1
Suppose 20 = 7*k - 2*k. Let i = 214 - 163. Suppose 2*s = 5*s + 3*u - i, u - k = 0. What is the tens digit of s?
1
Let j = 727 + 302. What is the units digit of j?
9
Let q(b) = 6*b + 13. Let g be q(10). What is the units digit of ((-1)/(-2)*g)/((-28)/(-56))?
3
Let w(x) be the first derivative of x**3/3 - 2*x**2 + 24. What is the hundreds digit of w(-11)?
1
Let a = 3 + -1. Let n = 0 + a. Suppose n*l = 5*l - 132. What is the units digit of l?
4
Suppose 4*f + 36 + 440 = -3*m, 5*m = -4*f - 468. Let w = -61 - f. What is the tens digit of w?
6
Let k(q) be the second derivative of -q**5/20 + 5*q**4/12 - q**3/2 + 2*q**2 - 5*q. Let n be k(4). Let z(t) = t**2 - 6*t - 10. What is the units digit of z(n)?
6
Suppose 11*k - 1664 = 2769. What is the hundreds digit of k?
4
Suppose -6 = -4*s + 5*s. Let z be 40/(-2)*51/68. What is the units digit of s/15 + (-231)/z?
5
Let d = 518 - -688. What is the thousands digit of d?
1
Let k(r) = 11*r + 7. Let c be k(2). Suppose 1 + c = 6*a. What is the units digit of a?
5
Suppose 34*a - 35*a = -111. Suppose -19 = -3*l - 205. Let v = l + a. What is the units digit of v?
9
Let t = 344 + -172. Suppose 0 = 4*u - 64 - t. What is the tens digit of u?
5
Let t(m) = 38*m + 318. What is the units digit of t(24)?
0
Let p be (-4)/(-8)*(2 + -2). Suppose 5*m + 2*k + 89 = -280, 3*m - 2*k + 231 = p. Let z = 127 + m. What is the units digit of z?
2
Let x(h) = 15*h - 2. Suppose -5*d + 17 = -5*c + 2*c, c = 1. What is the units digit of x(d)?
8
Let f(w) = 7*w**2 - 6*w + 14. Suppose -4*h = -2*s - 2, 0 = -2*s + 5*h + 1 - 5. What is the units digit of f(s)?
9
Suppose 2780 = n + 62*m - 65*m, 5*n - 13951 = -2*m. What is the units digit of n?
9
Let d(r) = r**2 + 24*r - 43. Let v be d(-26). What is the units digit of 43*6 + (5 - v - -1)?
5
Suppose 0*n + n = 8. Let k(r) = 31 + r**3 + 29 - 8*r**2 - 85 + 33. What is the units digit of k(n)?
8
Let a(y) = 2*y**2 - 4*y - 4. Let k = 6 + -9. What is the units digit of a(k)?
6
Let r(v) = 6*v**2 + 61*v + 20. What is the units digit of r(-14)?
2
Let u(j) = 278*j**2 + j + 2. Let i be -3 - (6/9)/((-6)/18). What is the hundreds digit of u(i)?
2
Suppose 0*g + 5*g + 135 = 0. Let j = g + 76. Suppose 0 = -3*d + j + 59. What is the units digit of d?
6
Let f be (-1472)/(-40) + 2/10. Suppose -3*p + 4*k + 22 = -4*p, 2*p + k = -f. Let m = 13 - p. What is the tens digit of m?
3
Let y be (-27)/(-6)*(-4)/(-3). Suppose 9 = -3*f + y*f. Suppose -f*b - 25 = -79. What is the tens digit of b?
1
Let i(g) = g**3 + 5*g**2 - 8. Let w be i(-6). Let p = w - -183. What is the tens digit of p?
3
Suppose 5*v + 2816 = 3*n, 2*n - 4*v = 1108 + 766. What is the hundreds digit of n?
9
Suppose 13 - 9 = -4*t, 3*o + 4*t - 1418 = 0. What is the units digit of o?
4
What is the units digit of (2120/(-30))/(-2 - (-33)/18)?
4
Let p = 717 + -259. What is the units digit of p?
8
Let i be 7/(-7) - 0/(-1) - 164. Let m = -51 - i. What is the tens digit of m?
1
Let g(y) = y**3 + 54*y**2 + 98*y - 29. What is the tens digit of g(-52)?
8
What is the thousands digit of 2498 + 1/(6/(-42)*1)?
2
Let f(k) = 5*k**2 + 6*k + 6. Let i be f(5). What is the tens digit of (2 + 0)*i/2?
6
Let d = -1920 - -4618. What is the thousands digit of d?
2
Suppose 9*y - 5019 = -1230. What is the units digit of y?
1
Suppose 5*m + 16 = 176. Suppose 5*z + 3*i = 77 + 1, 2*i = -2*z + m. What is the units digit of 5*4 + -13 + z?
2
Let r(f) = -10*f**3 - 6*f**2 - 8*f - 5. What is the tens digit of r(-6)?
8
Let b(v) = v + 71. Let o be b(0). Suppose -4*z = -r - 19, -5*z = 5*r - 21 - 9. Suppose -z - o = -4*j. What is the units digit of j?
9
Suppose 4*s = -3*t + 22 - 8, -s = -3*t + 4. Suppose t*d = -2*d + 4. Let x(j) = 6*j - 1. What is the units digit of x(d)?
5
Let a = -2444 + 4248. What is the tens digit of a?
0
Let v(j) = -2*j**3 - 6*j**2 + 3*j + 12. Let s be v(-8). Suppose -9*n - 205 = -s. What is the tens digit of n?
4
Suppose 15 = -b + 2*z - 20, 5*z + 25 = -2*b. Let l = -30 - b. Let p(w) = w